{"id":14,"date":"2021-02-25T23:28:32","date_gmt":"2021-02-25T23:28:32","guid":{"rendered":"http:\/\/www.incesttraumacentar.org.rs\/wordpress\/?page_id=14"},"modified":"2024-04-15T10:22:01","modified_gmt":"2024-04-15T10:22:01","slug":"statistike","status":"publish","type":"page","link":"http:\/\/incesttraumacentar.org.rs\/index.php\/statistike\/","title":{"rendered":"STATISTIKE"},"content":{"rendered":"\t\t<div data-elementor-type=\"wp-page\" data-elementor-id=\"14\" class=\"elementor elementor-14\" data-elementor-settings=\"[]\">\n\t\t\t\t\t\t\t<div class=\"elementor-section-wrap\">\n\t\t\t\t\t\t\t<section class=\"elementor-section elementor-top-section elementor-element elementor-element-1b83918 elementor-section-boxed elementor-section-height-default elementor-section-height-default\" data-id=\"1b83918\" data-element_type=\"section\">\n\t\t\t\t\t\t<div class=\"elementor-container elementor-column-gap-default\">\n\t\t\t\t\t<div class=\"elementor-column elementor-col-100 elementor-top-column elementor-element elementor-element-0b79cf0\" data-id=\"0b79cf0\" data-element_type=\"column\">\n\t\t\t<div class=\"elementor-widget-wrap elementor-element-populated\">\n\t\t\t\t\t\t\t\t<div class=\"elementor-element elementor-element-9d22cb1 elementor-widget elementor-widget-spacer\" data-id=\"9d22cb1\" data-element_type=\"widget\" data-widget_type=\"spacer.default\">\n\t\t\t\t<div class=\"elementor-widget-container\">\n\t\t\t\t\t<div class=\"elementor-spacer\">\n\t\t\t<div class=\"elementor-spacer-inner\"><\/div>\n\t\t<\/div>\n\t\t\t\t<\/div>\n\t\t\t\t<\/div>\n\t\t\t\t\t<\/div>\n\t\t<\/div>\n\t\t\t\t\t\t\t<\/div>\n\t\t<\/section>\n\t\t\t\t<section class=\"elementor-section elementor-top-section elementor-element elementor-element-b3834b4 elementor-section-boxed elementor-section-height-default elementor-section-height-default\" data-id=\"b3834b4\" data-element_type=\"section\">\n\t\t\t\t\t\t<div class=\"elementor-container elementor-column-gap-default\">\n\t\t\t\t\t<div class=\"elementor-column elementor-col-100 elementor-top-column elementor-element elementor-element-7848f4c\" data-id=\"7848f4c\" data-element_type=\"column\">\n\t\t\t<div class=\"elementor-widget-wrap elementor-element-populated\">\n\t\t\t\t\t\t\t\t<div class=\"elementor-element elementor-element-31fab3f elementor-widget elementor-widget-text-editor\" data-id=\"31fab3f\" data-element_type=\"widget\" data-widget_type=\"text-editor.default\">\n\t\t\t\t<div class=\"elementor-widget-container\">\n\t\t\t\t\t<div class=\"elementor-text-editor elementor-clearfix\"><p style=\"font-weight: 400; text-align: justify;\"><a href=\"http:\/\/www.incesttraumacentar.org.rs\/wordpress\/wp-content\/uploads\/2021\/03\/ITC-2015-Srbija-Nacionalna-studija-o-seksualnom-nasilju-nad-decom.pdf\">Prva Nacionalna studija o rasprostranjenosti seksualnog zlostavljanja dece na teritoriji Republike Srbije (2015\u00a9Incest Trauma Centar \u2013 Beograd)<\/a> i <a href=\"http:\/\/www.incesttraumacentar.org.rs\/wordpress\/wp-content\/uploads\/2021\/03\/Press-paket-ITC-Izvestaj-PRVE-NACIONALNE-studije-2015.pdf\">Press paket<\/a><\/p><p><strong>U periodu 1994-2019., Incest Trauma Centru \u2013 Beograd je u proseku prijavljeno 7 slu\u010dajeva seksualnog nasilja nedeljno.<\/strong><\/p><p style=\"font-weight: 400; text-align: justify;\">Statisti\u010dki podaci Incest\u00a0Trauma\u00a0Centra \u2013 Beograd zasnovani su na prijavljenim slu\u010dajevima na\u0161oj slu\u017ebi s podru\u010dja Republike Srbije. Presek je uvek ra\u0111en u septembru mesecu nazna\u010dene godine.<\/p><p style=\"font-weight: 400; text-align: justify;\"><a href=\"http:\/\/www.incesttraumacentar.org.rs\/wordpress\/wp-content\/uploads\/2021\/02\/Sazetak-statistickih-podataka-Incest-Trauma-Centra-1994-2009-Za-potrebe-Strategije-MINRZS-2011.pdf\">Period:\u00a01994-2009.<\/a><\/p><p style=\"font-weight: 400; text-align: justify;\"><a href=\"http:\/\/www.incesttraumacentar.org.rs\/wordpress\/wp-content\/uploads\/2021\/02\/2009-2014-ITC-STATISTICKI-PODACI.pdf\">Period:\u00a02009-2014.<\/a><\/p><p style=\"font-weight: 400; text-align: justify;\"><a href=\"http:\/\/www.incesttraumacentar.org.rs\/wordpress\/wp-content\/uploads\/2021\/03\/ITC-Statisticki-podaci-2014-2019-.pdf\">Period:\u00a02014-2019.<\/a><\/p><p><a href=\"http:\/\/incesttraumacentar.org.rs\/wordpress\/wp-content\/uploads\/2024\/04\/ITC-Statisticki-podaci-2022-2023-1-1.pdf\">Period: 2022-2023.<\/a><\/p><p style=\"font-weight: 400; text-align: justify;\">Statisti\u010dke podatke \u0107emo nastaviti da objavljujemo u redovnim vremenskim razmacima.<\/p><\/div>\n\t\t\t\t<\/div>\n\t\t\t\t<\/div>\n\t\t\t\t\t<\/div>\n\t\t<\/div>\n\t\t\t\t\t\t\t<\/div>\n\t\t<\/section>\n\t\t\t\t\t\t<\/div>\n\t\t\t\t\t<\/div>\n\t\t","protected":false},"excerpt":{"rendered":"<p>Prva Nacionalna studija o rasprostranjenosti seksualnog zlostavljanja dece na teritoriji Republike Srbije (2015\u00a9Incest Trauma Centar \u2013 Beograd) i Press paket U periodu 1994-2019., Incest Trauma Centru \u2013 Beograd je u proseku prijavljeno 7 slu\u010dajeva seksualnog nasilja nedeljno. Statisti\u010dki podaci Incest\u00a0Trauma\u00a0Centra \u2013 Beograd zasnovani su na prijavljenim slu\u010dajevima na\u0161oj slu\u017ebi s podru\u010dja Republike Srbije. Presek je [&hellip;]<\/p>\n","protected":false},"author":1,"featured_media":0,"parent":0,"menu_order":0,"comment_status":"closed","ping_status":"closed","template":"","meta":[],"yoast_head":"<!-- This site is optimized with the Yoast SEO plugin v15.9 - https:\/\/yoast.com\/wordpress\/plugins\/seo\/ -->\n<title>STATISTIKE - INCEST TRAUMA CENTAR - BEOGRAD<\/title>\n<meta name=\"robots\" content=\"index, follow, max-snippet:-1, max-image-preview:large, max-video-preview:-1\" \/>\n<link rel=\"canonical\" href=\"http:\/\/incesttraumacentar.org.rs\/index.php\/statistike\/\" \/>\n<meta property=\"og:locale\" content=\"en_US\" \/>\n<meta property=\"og:type\" content=\"article\" \/>\n<meta property=\"og:title\" content=\"STATISTIKE - INCEST TRAUMA CENTAR - BEOGRAD\" \/>\n<meta property=\"og:description\" content=\"Prva Nacionalna studija o rasprostranjenosti seksualnog zlostavljanja dece na teritoriji Republike Srbije (2015\u00a9Incest Trauma Centar \u2013 Beograd) i Press paket U periodu 1994-2019., Incest Trauma Centru \u2013 Beograd je u proseku prijavljeno 7 slu\u010dajeva seksualnog nasilja nedeljno. Statisti\u010dki podaci Incest\u00a0Trauma\u00a0Centra \u2013 Beograd zasnovani su na prijavljenim slu\u010dajevima na\u0161oj slu\u017ebi s podru\u010dja Republike Srbije. Presek je [&hellip;]\" \/>\n<meta property=\"og:url\" content=\"http:\/\/incesttraumacentar.org.rs\/index.php\/statistike\/\" \/>\n<meta property=\"og:site_name\" content=\"INCEST TRAUMA CENTAR - BEOGRAD\" \/>\n<meta property=\"article:modified_time\" content=\"2024-04-15T10:22:01+00:00\" \/>\n<meta name=\"twitter:card\" content=\"summary_large_image\" \/>\n<meta name=\"twitter:label1\" content=\"Est. reading time\">\n\t<meta name=\"twitter:data1\" content=\"1 minute\">\n<script type=\"application\/ld+json\" class=\"yoast-schema-graph\">{\"@context\":\"https:\/\/schema.org\",\"@graph\":[{\"@type\":\"Organization\",\"@id\":\"http:\/\/incesttraumacentar.org.rs\/#organization\",\"name\":\"INCEST TRAUMA CENTAR - BEOGRAD\",\"url\":\"http:\/\/incesttraumacentar.org.rs\/\",\"sameAs\":[],\"logo\":{\"@type\":\"ImageObject\",\"@id\":\"http:\/\/incesttraumacentar.org.rs\/#logo\",\"inLanguage\":\"en-US\",\"url\":\"http:\/\/incesttraumacentar.org.rs\/wordpress\/wp-content\/uploads\/2021\/02\/logo.png\",\"width\":82,\"height\":131,\"caption\":\"INCEST TRAUMA CENTAR - BEOGRAD\"},\"image\":{\"@id\":\"http:\/\/incesttraumacentar.org.rs\/#logo\"}},{\"@type\":\"WebSite\",\"@id\":\"http:\/\/incesttraumacentar.org.rs\/#website\",\"url\":\"http:\/\/incesttraumacentar.org.rs\/\",\"name\":\"INCEST TRAUMA CENTAR - BEOGRAD\",\"description\":\"\",\"publisher\":{\"@id\":\"http:\/\/incesttraumacentar.org.rs\/#organization\"},\"potentialAction\":[{\"@type\":\"SearchAction\",\"target\":\"http:\/\/incesttraumacentar.org.rs\/?s={search_term_string}\",\"query-input\":\"required name=search_term_string\"}],\"inLanguage\":\"en-US\"},{\"@type\":\"WebPage\",\"@id\":\"http:\/\/incesttraumacentar.org.rs\/index.php\/statistike\/#webpage\",\"url\":\"http:\/\/incesttraumacentar.org.rs\/index.php\/statistike\/\",\"name\":\"STATISTIKE - INCEST TRAUMA CENTAR - BEOGRAD\",\"isPartOf\":{\"@id\":\"http:\/\/incesttraumacentar.org.rs\/#website\"},\"datePublished\":\"2021-02-25T23:28:32+00:00\",\"dateModified\":\"2024-04-15T10:22:01+00:00\",\"breadcrumb\":{\"@id\":\"http:\/\/incesttraumacentar.org.rs\/index.php\/statistike\/#breadcrumb\"},\"inLanguage\":\"en-US\",\"potentialAction\":[{\"@type\":\"ReadAction\",\"target\":[\"http:\/\/incesttraumacentar.org.rs\/index.php\/statistike\/\"]}]},{\"@type\":\"BreadcrumbList\",\"@id\":\"http:\/\/incesttraumacentar.org.rs\/index.php\/statistike\/#breadcrumb\",\"itemListElement\":[{\"@type\":\"ListItem\",\"position\":1,\"item\":{\"@type\":\"WebPage\",\"@id\":\"http:\/\/incesttraumacentar.org.rs\/\",\"url\":\"http:\/\/incesttraumacentar.org.rs\/\",\"name\":\"Home\"}},{\"@type\":\"ListItem\",\"position\":2,\"item\":{\"@type\":\"WebPage\",\"@id\":\"http:\/\/incesttraumacentar.org.rs\/index.php\/statistike\/\",\"url\":\"http:\/\/incesttraumacentar.org.rs\/index.php\/statistike\/\",\"name\":\"STATISTIKE\"}}]}]}<\/script>\n<!-- \/ Yoast SEO plugin. -->","_links":{"self":[{"href":"http:\/\/incesttraumacentar.org.rs\/index.php\/wp-json\/wp\/v2\/pages\/14"}],"collection":[{"href":"http:\/\/incesttraumacentar.org.rs\/index.php\/wp-json\/wp\/v2\/pages"}],"about":[{"href":"http:\/\/incesttraumacentar.org.rs\/index.php\/wp-json\/wp\/v2\/types\/page"}],"author":[{"embeddable":true,"href":"http:\/\/incesttraumacentar.org.rs\/index.php\/wp-json\/wp\/v2\/users\/1"}],"replies":[{"embeddable":true,"href":"http:\/\/incesttraumacentar.org.rs\/index.php\/wp-json\/wp\/v2\/comments?post=14"}],"version-history":[{"count":49,"href":"http:\/\/incesttraumacentar.org.rs\/index.php\/wp-json\/wp\/v2\/pages\/14\/revisions"}],"predecessor-version":[{"id":1828,"href":"http:\/\/incesttraumacentar.org.rs\/index.php\/wp-json\/wp\/v2\/pages\/14\/revisions\/1828"}],"wp:attachment":[{"href":"http:\/\/incesttraumacentar.org.rs\/index.php\/wp-json\/wp\/v2\/media?parent=14"}],"curies":[{"name":"wp","href":"https:\/\/api.w.org\/{rel}","templated":true}]}}